*2 + 3. What is the units digit of f(i)?
3
Suppose -4*b - 3 + 35 = 0. What is the units digit of b?
8
Let x(y) = -y + 3*y - 11 - 1 - 5*y. What is the tens digit of x(-9)?
1
Let a(j) = -2*j + 1. Let k be a(3). Let u = 0 - -1. Let x = u - k. What is the units digit of x?
6
Let u(i) = -2*i**3 - 7*i**2 + 5*i + 5. Let c be u(-6). Suppose -4*r + 164 = 4*x, -5*x - c = r - 6*r. What is the units digit of r?
6
Suppose a + 12 = 4*a - 3*s, -a - 4*s + 4 = 0. Suppose -a*t + 138 = 42. What is the tens digit of t?
2
Let u(x) = 37*x**2 - 36*x**2 + 1 - 2*x + 6. What is the units digit of u(4)?
5
Let s(g) = 4*g + 2. Let b be s(2). Suppose 0 = 5*h - b*h. Suppose h*w = w - 1. What is the units digit of w?
1
Suppose -2*t - 3 - 13 = 0. Let m(x) = -x**2 - 8*x + 8. What is the units digit of m(t)?
8
Suppose 2*v = m - 35, 5*m = m + 3*v + 165. What is the units digit of -5*1*(-216)/m?
4
Suppose l = 3*l - 4*q - 14, 0 = -2*q. What is the units digit of l?
7
Suppose 120 = 3*l - 0*l. Let p = -21 + l. What is the units digit of p?
9
Suppose -2*u = 3 + 1. Let s = -2 - u. Let d = 5 - s. What is the units digit of d?
5
Let l(c) be the third derivative of c**6/120 - c**5/10 + 7*c**4/24 - c**3/6 - 2*c**2. What is the units digit of l(5)?
9
Suppose -38 = -4*h + 78. What is the units digit of h?
9
Suppose 4*g - 56 = 4*u, 38 = 2*g - u - 3*u. Let q = g + -5. Suppose 4*i - 3*p = 54, -q*p + 4 = i - 0. What is the units digit of i?
2
Suppose 5*v = 3*q + 9, 16 = 5*q - 0*q + 2*v. What is the units digit of ((-63)/(-6))/7*q?
3
Suppose -6*s = -9*s - 51. Let m = s - -28. What is the units digit of m?
1
Let z = 5 - 6. What is the units digit of -1 + z + (-63)/(-9)?
5
Suppose -3*y - 139 - 134 = 0. Let z = -62 - y. What is the tens digit of z?
2
Suppose -2*r - 128 = -5*q - 0*r, 3*q - 2*r = 80. What is the units digit of 2/(-8) + 150/q?
6
Let x = -7 + -22. Let y = 49 + x. What is the units digit of y?
0
Let z(o) = 5*o - 11. Let l(b) = 2*b - 4. Let g(h) = -11*l(h) + 4*z(h). Let c be g(-5). Suppose c = -0*i + 5*i. What is the units digit of i?
2
Let h be 6/(-4)*1*-10. Suppose 2*x - h = -3*a, -8 = -4*x + 5*a + 11. What is the units digit of x?
6
Suppose -2*y - 12 - 6 = 0. What is the units digit of ((-42)/(-9))/((-6)/y)?
7
Let b = 3 - -1. Suppose -2*l - 4*f = -22, -5*l + 35 - 10 = b*f. What is the tens digit of -2*l - (8 - 21)?
1
Suppose 0 = -0*f - 3*f + 48. Suppose -18 = m + m + 5*u, -2*m - 4*u = f. What is the units digit of (-78)/(-24) + (-3)/m?
4
What is the tens digit of ((-62)/4)/(18/(-36))?
3
Let l be 7 - 2*(-3)/(-6). Suppose -6 - l = -3*s. Let j(d) = d**3 - 3*d**2 - 1. What is the units digit of j(s)?
5
Suppose 5*o - 675 = -2*h, -h = o - 0*o - 138. What is the hundreds digit of o?
1
Let u(r) = r**2 - 1. Let d be u(-2). Suppose -d*g + 38 = -4*t, -3*g + 18 = -2*g - 4*t. What is the units digit of (g/3)/((-4)/(-6))?
5
Let u(y) = 7*y. Let t(w) = 3*w. Let j(b) = -9*t(b) + 4*u(b). What is the tens digit of j(10)?
1
Suppose -37 = -5*o + 43. Let v(h) = h + 2 - 3 + o*h**3 - 2*h + 2. What is the tens digit of v(1)?
1
Let m = -23 - -75. What is the units digit of m?
2
Let v(s) = s**2 + 5*s + 6. Let i be v(-5). Suppose -5*n + 2*a + i = -30, -n - 5*a - 9 = 0. What is the units digit of n?
6
Let k(c) = c + 0*c + 4*c + 12. Let g(r) = -4*r - 11. Let x(w) = 6*g(w) + 5*k(w). What is the units digit of x(7)?
1
Let s be -4*(2 + 26/(-8)). Suppose -5*v = -4*h, -h + 3*v = -2*h. Suppose -s*c + 15 = h, 2*g + 5*c = -0*c + 33. What is the units digit of g?
9
Let a(h) = 9*h - 1. Let g be a(3). Let d = g - 8. What is the tens digit of d?
1
Suppose -5*i + 22 = -2*h, -7 = -5*h - 2*i - i. Let y be (-27 + 1)/(1 + 1). Let b = h - y. What is the tens digit of b?
1
Suppose -3*x = 4*f - 6, x - 3*f - 3 = -1. Suppose 3*m = -x*i - 0*m, -4*i + m + 14 = 0. Suppose t = 3*u - 6, i*u = 4*t - 14 - 7. What is the units digit of t?
9
Let u(l) = -3*l + 10. Let x(b) = -b + 3. Let a(c) = 2*u(c) - 7*x(c). What is the units digit of a(3)?
2
Let f = 110 - 59. What is the tens digit of f?
5
Suppose -244 = -4*m - 4*t, 4*m = -m + 4*t + 305. What is the tens digit of m?
6
Let j(q) = -15*q - 14. Let f(s) = -7*s - 7. Let k(t) = 5*f(t) - 3*j(t). Let i(d) = -7*d - 5. Let h(z) = -7*i(z) - 5*k(z). What is the units digit of h(-2)?
2
Let b be 3/9 + 47/3. Let f = 7 + -5. Suppose -4*d = -b, 4*y = d - f*d + 44. What is the tens digit of y?
1
Let z be ((-22)/(-3))/((-6)/18). Let a be (-2)/(-9) + z/18. What is the units digit of 0 - a - -1 - -1?
3
Let t be 2 - -1*(0 + -58). What is the units digit of t/12*-3*2?
8
What is the tens digit of 345*(-2 - 7/(-3))?
1
Let r be (92 - 8) + -5 + 1. Suppose r = -2*b + 7*b. What is the tens digit of b?
1
Let y(i) = -2*i**3 + 5*i**2 - 2*i + 3. What is the units digit of y(-4)?
9
Let r = 20 + -8. What is the tens digit of r?
1
Let g(k) = k**3 + 5*k**2 - 7*k - 5. Let i = -16 - -10. Let y = i + 0. What is the units digit of g(y)?
1
Suppose 45 + 24 = 3*b. What is the units digit of b?
3
Let p(m) be the third derivative of m**5/30 + m**4/24 - 2*m**3/3 - m**2. What is the tens digit of p(-3)?
1
Let p = 101 - 51. What is the units digit of p?
0
Let z be 8/(-36) + 112/18. Suppose 6*k = k. Suppose m + k*m = z. What is the units digit of m?
6
Suppose -3*b - 21 = -0*c - 2*c, -5*c - 5*b = 10. Let q(l) = 2*l**3 - 3*l**2 - l - 1. What is the units digit of q(c)?
3
Let t be 1/2 - 668/(-8). What is the tens digit of (-277)/(-7) - 48/t?
3
Suppose 3*v = -2*d + 12, -12 = -3*v + 2*d - 0*d. Suppose -2*h + 89 = h - r, 2*r = -v*h + 132. What is the tens digit of h?
3
Suppose 4*t + 3*b - 514 = -2, -3*b = -5*t + 667. Let w = -82 + t. What is the tens digit of w?
4
Suppose 2*f - 33 = 243. What is the tens digit of f?
3
Suppose 5*k + 5*h - 3*h - 210 = 0, -5*k + 195 = 5*h. What is the units digit of k?
4
Let r(q) = -7*q + 9. Let v be r(-9). Let j be v*(1 + (-1)/2). Suppose 3*s + 0*m - j = 3*m, 0 = 5*s - 4*m - 56. What is the units digit of s?
8
Suppose -x = 3*x - 192. What is the units digit of x?
8
What is the tens digit of 6/4*7/((-84)/(-656))?
8
Let w = 9 - 13. Let c = -5 + 12. Let l = w + c. What is the units digit of l?
3
Let i(n) = -n**3 - 30*n**2 + 51*n - 49. What is the hundreds digit of i(-32)?
3
Let b = 10 - -6. Let n be 2 + (b - 1) - 0. Suppose -5*q + q - 5*g - 11 = 0, 5*q = 4*g + n. What is the units digit of q?
1
Let x(w) = 3*w**2 - 2*w + 1. Let t be x(1). Suppose -2*n = -5*b - 21 + 80, -t*n + 19 = b. What is the units digit of b?
3
Let v be -9*(1/1 + 0). Let g be ((-15)/v + -2)*-12. Suppose -12 = -2*b - g. What is the units digit of b?
4
Let p(v) = 7*v. What is the tens digit of p(6)?
4
Let h be (-4)/(-14) - (-23)/(-7). Let k = 9 + h. What is the units digit of 5/1 - (-6)/k?
6
Suppose -6 = -4*h - j, -2*h + 14 = h - 4*j. Suppose -3*i + 42 = h*o, -2*o + 3*o = -3*i + 24. What is the units digit of o?
8
Suppose -5*r + 2*d = 122, -9 = r - 3*d + 5. Let i = -2 - 16. Let z = i - r. What is the units digit of z?
8
Let h(l) = 7*l**2 - l + 2. Let m(j) = -10*j + 3. Let g be m(2). Let x(i) = -20*i**2 + 3*i - 5. Let r(c) = g*h(c) - 6*x(c). What is the units digit of r(-3)?
8
Let l be (0 - -3)/(24/16). Suppose 4*z = -l*t + 114, 5*t + 12 = t. What is the units digit of z?
0
Let x(s) = 9*s**2 + 2*s + 1. What is the units digit of x(-3)?
6
Suppose 361 = 5*u + 51. What is the units digit of u?
2
Suppose 2*q + 0*q + 3*v = 19, -5*q + 20 = 2*v. Let s be 0/(-1 + (-3)/3). Suppose s*m - q*m = -14. What is the units digit of m?
7
Let x(r) = -r - 3. Let z be x(-6). Suppose 0 = w - z. Suppose -w*q + 0*q - 14 = -5*d, 5*q = -2*d - 13. What is the units digit of d?
1
Let w be (16/(-6))/(2/(-39)). Suppose 5*o = 3*x - w, x = -x + 3*o + 33. What is the units digit of x?
9
Let z = 189 - 13. What is the hundreds digit of z?
1
Suppose 3*x = 4*a + 116 + 104, 3*a = -4*x + 310. What is the units digit of x?
6
Suppose q + 0*q + 22 = -5*l, 5*l = -2*q - 19. What is the units digit of q?
3
Let f = 79 + -45. What is the tens digit of f?
3
Let p(w) = w**3 - 6*w**2 + 7*w - 6. Let q be p(6). Suppose -k - 2*k + q = 0. What is the tens digit of k?
1
Let h(f) = f**3 + 20*f**2 + 18*f + 20. What is the tens digit of h(-19)?
3
Let b(f) = -f**3 + 7*f**2 - 5*f - 4. Let r(u) = u + 6. Let q be r(0). Let t be b(q). What is the units digit of 46/8 - t/(-8)?
6
Let l = 54 + -32. Suppose -h + 